= 0. Let d(x) = 2*x**2 - 1. Let u be d(1). Let y be u/(-1 + l/12). What is r(y)?
4
Suppose -34 = -5*b - 4. Let x(c) = -b*c**3 + 9*c**3 + 3*c - 1 - 2*c**2 - 4*c**3. Determine x(-3).
-1
Let u = 11 - 9. Suppose 4*l + u*d = -d - 31, 2*l = -3*d - 23. Let o(p) = -p**2 - 5*p - 4. Give o(l).
0
Let o(r) = -r - 4. Let s be o(-4). Let l(v) = -1 - v - 4 + s + 0*v. Determine l(-5).
0
Let b(k) = -k**3 + 4*k**2 + 3*k + 2. Let r(w) be the second derivative of w**5/20 - 5*w**4/12 - 2*w**3/3 - w**2/2 - w. Let u(i) = -4*b(i) - 3*r(i). Give u(0).
-5
Let b be 3/(-3)*(-1 - 0). Let n(c) = -2 + 3*c - 4*c + 0. Let k(q) = 2*q + 3. Let g(d) = -5*k(d) - 8*n(d). What is g(b)?
-1
Let q(i) = 0*i + 1 - i + 0*i. Let x = 8 + -5. Suppose 4*f - 6 = 2*w, -3 = x*w - f + 6. Calculate q(w).
4
Suppose 3*f = -15, 2*v - 2*f - 16 = 16. Let x(o) = -26*o + 11. Let y(a) = -9*a + 4. Let l(q) = v*y(q) - 4*x(q). Determine l(1).
5
Let h(q) = 5*q + 4. Let r(c) = -14*c - 11. Let g(l) = 11*h(l) + 4*r(l). Calculate g(5).
-5
Let m(o) = -o**3 - o**2 + 1. Let d(z) = z**3 - z**2 - z. Let n(w) = d(w) + 2*m(w). Determine n(-2).
0
Let r(c) = -2*c**2 - 15*c - 4. Let j be r(-7). Let b(x) = -6*x. Give b(j).
-18
Let c(i) be the second derivative of -5*i**3/6 - i**2 - i. Determine c(2).
-12
Let j(m) be the second derivative of -m**5/20 + 5*m**4/12 - m**3/3 - m**2 - m. Let v be 1 + (3 - (1 + 0)). Let h be 15/v*4/5. Determine j(h).
6
Suppose -5*k - 35 = -5*v, 3*k + 5 + 4 = -3*v. Let m(d) = d**3 + 4*d**2 - 4*d + 1. Calculate m(k).
-4
Let b = -11 - -13. Let k(u) = -3 - 5*u**b + u + 4 + 4*u**2. What is k(-1)?
-1
Suppose -2*m = 2 - 4. Let l(r) = 16*r**3 + 12*r**3 + 21*r**3 - 55*r**3 + 1. Give l(m).
-5
Let k(c) be the second derivative of c**5/60 - 5*c**4/24 + c**3/6 - c. Let d(o) be the second derivative of k(o). Determine d(4).
3
Let b(p) = 2*p**2 + p - p - 1. Let d be 3/6*(-2)/1. Determine b(d).
1
Let l(v) be the third derivative of -v**4/12 + v**2. Suppose 0 = 3*s + 4*c - 27, -c + 3*c = 0. Let p be (-2 - 0)*s/(-6). Calculate l(p).
-6
Let m(j) = -3*j**2. Suppose 5*o + 26 = 5*w - 14, 2*o + 7 = -w. Suppose 0*a - w*a - 3 = 0. Determine m(a).
-3
Let k(x) = -x + 13. Let h be k(11). Let j(m) = 4*m**2 - m - 3. Let q(c) = -7*c**2 + c + 6. Let n(s) = 5*j(s) + 3*q(s). Give n(h).
-5
Suppose -11 = 3*u - 2*d, -4*d - 3 = 3*u + 2. Let g(k) = -k**3 - 2*k**2 + 2*k - 1. Determine g(u).
2
Let u(y) = 7*y**2 + y**2 + 37*y**3 - 36*y**3 + 2 + 7*y. What is u(-7)?
2
Let o(u) = u - 11. Suppose 3*b - 12 = -3*l, b + 2*b - 6 = 0. Suppose 0 = -4*w + l*w. Suppose -5*p + 1 = -4*c - 14, 4*c + 3*p - 9 = w. Give o(c).
-11
Let i(c) = c**2 - 4*c + 3. Let g be (-4)/18 + (-88)/9. Suppose -5*w - 21 - 4 = 0. Let h = w - g. What is i(h)?
8
Suppose 4*z + 3*w = -51, 4*w - 16 = 4*z - 0*w. Let h(t) = -t**2 - 8*t + 4. Let u be h(z). Let l(a) = a**3 + 6*a**2 + 3*a - 1. Give l(u).
9
Suppose 3*f + 0 = -12. Let w(o) = 8*o + o**2 - 16*o + 11*o - 5. What is w(f)?
-1
Let x(s) = -4*s + 17. Let v(q) = -q + 1. Let k(b) = 3*v(b) - x(b). Determine k(10).
-4
Let t(d) = -d**2 - 6*d. Let u = -13 + 7. Give t(u).
0
Let q = -145 + 150. Let b(k) = -k**2 + 5*k - 4. Give b(q).
-4
Let j(y) = 6*y**3 - 8*y**2 - 8*y - 7. Let x(k) = 11*k**3 - 17*k**2 - 17*k - 15. Let h(r) = 13*j(r) - 6*x(r). Determine h(-1).
-13
Suppose 3*x - 49 + 37 = 0. Let m(b) be the second derivative of -1/3*b**3 + 0 - 2*b**2 + 1/20*b**5 + 1/6*b**x - 2*b. Calculate m(-3).
-7
Let i be (-3)/(-21) + (-7)/49. Let w(z) = z**3 - z**2 - z - 2. Give w(i).
-2
Suppose -4*l + 0*p - 3*p = 16, 16 = -4*l + 2*p. Let f(o) = 7*o + 8. Let i(r) = -3*r - 4. Let s(d) = l*f(d) - 9*i(d). What is s(4)?
0
Let c be (-4)/((-1 + 0)*1). Let j(q) be the third derivative of -q**4/24 + q**3/6 + 2*q**2 - 43. Calculate j(c).
-3
Let r(b) = 1 + 2*b - 3 - 6*b. Let f(y) = -y**3 - 4*y**2 - y + 3. Let o be f(-2). Determine r(o).
10
Suppose -3*q + 4*d + 87 = 4, 5*q - d = 127. Suppose -5*k - 5 - q = 0. Let b be 2*1/k*3. Let n(s) = -2*s. Calculate n(b).
2
Let m(k) = 2 - 3 - k + 3. Let g(o) = -3*o + 5. Let r(q) = 3*g(q) - 8*m(q). Let n be 2/(-4) + 1/(-2). Give r(n).
0
Let t(u) be the third derivative of -u**6/12 - u**5/30 - u**4/24 + 19*u**2. Let r = -4 + 3. What is t(r)?
9
Let g(r) = 3*r**3 + 3*r + 3 - 6*r**3 + 4*r**3 + 4*r**2. What is g(-4)?
-9
Let l be (-1 - -2)*-2 + 4. Let q = -3 + l. Let d(k) = 0 - 1 + 9*k**2 - 15*k**2. Calculate d(q).
-7
Let w(m) = 539 - 269 - 270 - 3*m**2 - m. Suppose 0 = -b + 4 - 5. What is w(b)?
-2
Let o be (-105)/28*(22/(-6) + 1). Let m(q) = q**3 - 10*q**2 - q + 10. Calculate m(o).
0
Let l(r) = -5. Let a(h) = h + 5. Let o(v) = 2*a(v) + 3*l(v). What is o(5)?
5
Let l = -1 + 6. Suppose 11 = -f - l*q - 11, q = -f - 6. Let d(t) = 3*t**2 - 3*t - 2. Let a(k) = 3*k**2 - 4*k - 2. Let s(h) = 2*a(h) - 3*d(h). Calculate s(f).
-12
Let n(k) = -k. Let z be n(-3). Let m be (-5)/(-10) - z/(-2). Let x(y) = -5*y. Let r(p) = 6*p + 1. Let i(s) = 3*r(s) + 4*x(s). Determine i(m).
-1
Let x(c) = -c**3 + c**2 + c + 2. Let j be x(2). Let f be j*(3/2)/3. Let d(v) = 3*v**2 + f*v + v**3 - v - 2*v + v. Give d(-3).
6
Let b(a) = a**3 + 2*a**2 + 6*a + 1. Let t(l) = l - 1. Let k(v) = -b(v) + 2*t(v). Determine k(-2).
5
Let q(n) = -n + 2. Let o(y) = 2*y**2 + 13 + 8*y - y**2 + 8*y - 4*y. Let l be o(-9). Let v = l + 11. Give q(v).
5
Let n(p) be the first derivative of -4*p**3/3 - 16. What is n(1)?
-4
Let t(x) = -x**3 - 4*x**2 + 10*x + 7. Let p be t(-6). Suppose 5*m = -p - 1. Let w(n) = n**3 + 4*n**2 + 4. Calculate w(m).
4
Let a(n) = -7*n. Let f = -18 + 16. Give a(f).
14
Let q = -1 + 6. Let r(d) = d. Let f(k) = 1. Let h = -2 + 6. Let b(m) = h*f(m) - r(m). Give b(q).
-1
Let q(p) be the second derivative of p**7/2520 + p**6/720 - p**5/60 - p**4/12 - p. Let i(w) be the third derivative of q(w). Let h = 8 + -11. Give i(h).
4
Let h = 3 - -3. Let t(k) = 9 - 3*k - 2*k**3 - 3 + k**3 + h*k**2 - 4*k. What is t(5)?
-4
Suppose 11*j + 101 = 35. Let w(z) = z - 7. What is w(j)?
-13
Let t = -8 - -41. Let s(k) = k**3 - k**2 + 2*k - 2. Let d(w) = -5*w**3 + 6*w**2 - 11*w + 11. Let p(a) = t*s(a) + 6*d(a). What is p(-2)?
-12
Suppose -4*o - 34 = -3*j, -j + 4*j + 4*o - 2 = 0. Let k(i) = -i**3 + 7*i**2 - i - 5. What is k(j)?
25
Let v(f) = -f**3 - 5*f**2 - 5*f - 3. Let x be ((-20)/5)/(-8)*-8. Give v(x).
1
Suppose 7*r - 9 = -2. Let q(u) = 3*u**2 + 1. Give q(r).
4
Let k be ((-1)/(-3))/(4/36). Suppose 4 - 1 = -k*a. Let d(z) = -z**2 - 2*z + 1. Let f(p) = 4*p**2 + 7*p - 3. Let x(i) = -7*d(i) - 2*f(i). Determine x(a).
-2
Let z(k) = 5*k - 1. Let i(x) = -3*x**2 + 2*x. Let f be i(1). Give z(f).
-6
Let d(x) be the third derivative of -x**5/60 - 3*x**4/8 - 5*x**3/6 - 10*x**2. Determine d(-7).
9
Let b(u) be the first derivative of u**2 + 8. What is b(4)?
8
Suppose 0 = -3*z + 4*z - 21. Suppose -d = -3*p - z, -d = p - 0*p + 3. Let x(s) = s**2 + 6*s - 4. Determine x(p).
-4
Let c(a) be the third derivative of -a**4/24 - 7*a**3/3 - a**2. Let k be c(-12). Let j(y) = 3*y**2 + 2*y - 1. Give j(k).
7
Let a be ((-2)/3)/((-4)/18). Let w(u) = u**3 - 2*u**2 - u. Determine w(a).
6
Let v(r) = -r**3 + 8*r**2 - 8*r + 5. Let o = 29 + -22. Give v(o).
-2
Let t(d) be the second derivative of d**7/840 + d**6/60 - d**5/120 + d**4/24 + d**3 + 7*d. Let k(n) be the second derivative of t(n). Give k(-6).
7
Let r(i) = i + 13. Let y be r(-5). Let p(v) = v - 8. What is p(y)?
0
Suppose 3*n + 19 = -3*z - n, 0 = 2*z - 4*n + 6. Let p = 6 + z. Let c(b) = 6*b - p - 7*b + 0. Calculate c(-5).
4
Let h(r) be the second derivative of r**5/20 + r**4/4 + 2*r**3/3 + 2*r**2 + 3*r. Calculate h(-3).
-8
Let v(r) = 55*r + 3 + 1 - 2 - 54*r. Calculate v(4).
6
Let d(k) be the first derivative of -k**4/4 + k**3 + 5*k**2/2 + 3*k - 5. Suppose 2*u - 4*u = 8. Let v be ((-1)/(-1))/((-1)/u). Determine d(v).
7
Let s(d) be the first derivative of 7/4*d**4 + d - d**2 + 2/3*d**3 - 1. Suppose -10*b + 4*b + 6 = 0. Give s(b).
8
Let l(k) = -k**3 - 8*k**2 - k. Let b be (3 - 5 - -1) + -7. Determine l(b).
8
Let r(q) = -3*q**2 + 2*q + 1. Suppose -49 = 3*u + 23. Let y = -25 - u. Give r(y).
-4
Let f = 5 - 7. Let h = 4 + f. Let u(y) = -y**2 - 2*y**3 - h*y**2 - 6*y + 2 + 3*y**3. What is u(4)?
-6
Let q(l) = l**2 + 7*l - 5. Let y(u) = -u**2 - u + 1. Let i = -15 - -16. Let t(x) = i*q(x) + 5*y(x). Let d(o) = o**3 + 5*o**2 + 2. Let c be d(-5). Give t(c).
-12
Let s(t) be the third